**2 + 16*n - 62. What is c(4)?
-94
Let r(q) = 3*q**3 - 22*q**2 + 21*q + 51. Determine r(2).
29
Let l(b) = 55*b + 299. What is l(-7)?
-86
Let z(y) = -13*y**2 + 509*y - 78. Calculate z(39).
0
Let w(g) = 2*g**3 - 59*g**2 + 61*g - 923. Determine w(29).
5
Let z(p) = p**3 + 22*p**2 - 13*p - 1207. Calculate z(-20).
-147
Let y(n) = -2*n**3 - 21*n**2 - 45*n - 5. Determine y(-7).
-33
Let z(s) = -s**3 + 24*s**2 + 257*s + 18. Calculate z(-8).
10
Let d(f) = 54*f - 2268. Give d(42).
0
Let m(i) = -117*i - 6225. Give m(-54).
93
Let a(m) = 4*m**2 - 45*m - 383. Give a(-9).
346
Let a(w) = -244*w**2 + 2924*w + 34. Calculate a(12).
-14
Let x(l) = l**3 - 9*l**2 + 73*l - 349. Calculate x(6).
-19
Let v(w) = 2*w**3 - 54*w**2 - 115*w - 29. Determine v(29).
0
Let n(w) = 3432*w + 178467. What is n(-52)?
3
Let g(w) = w**2 - 26*w - 26. Calculate g(33).
205
Let s(x) = x**2 - 34*x + 114. What is s(12)?
-150
Let a(m) = -2*m**2 + 5*m - 7. Give a(2).
-5
Let k(a) = -a**2 - 68*a - 753. What is k(-44)?
303
Let w(i) = -4*i**2 + 4*i + 28. Calculate w(6).
-92
Let r(x) = 2*x**3 - 34*x**2 + 10*x - 159. Calculate r(17).
11
Let q(n) = n**3 + 7*n**2 - 63*n - 11. Determine q(-12).
25
Let k(j) = -24*j**2 - 57*j + 4. Calculate k(-2).
22
Let g(f) = -3*f**2 - 2496*f + 7518. Give g(3).
3
Let z(k) = k**3 - k**2 - 8*k + 40. Calculate z(-6).
-164
Let n(z) = -202*z - 246. Determine n(-2).
158
Let o(f) = 478*f + 13377. Give o(-28).
-7
Let c(a) = a**3 + 22*a**2 - 12*a + 882. Calculate c(-24).
18
Let d(l) = 297*l - 104541. Determine d(352).
3
Let q(x) = -x**3 - 85*x**2 + 560*x - 110. Give q(6).
-26
Let u(l) = 2*l**2 + 62*l + 233. Calculate u(-26).
-27
Let j(c) = -c**3 - 15*c**2 + 49*c - 82. Calculate j(-18).
8
Let b(c) = -c**2 + 29*c - 175. What is b(22)?
-21
Let t(g) = -156*g - 1076. Calculate t(-7).
16
Let t(s) = s**2 - s + 11. What is t(-12)?
167
Let c(z) = -4*z**2 + 8*z - 12. Calculate c(4).
-44
Let h(i) = -2*i**3 - 4*i**2 + 61*i - 59. Calculate h(-7).
4
Let j(z) = 2*z**2 + 72*z - 3. Give j(-36).
-3
Let g(f) = 19*f**2 + 447*f + 227. What is g(-23)?
-3
Let r(y) = -33*y - 687. Determine r(-21).
6
Let a(k) = k**3 + 47*k**2 + 18*k + 845. Calculate a(-47).
-1
Let i(z) = 11*z - 65. Determine i(9).
34
Let u(h) = -h**3 - 56*h**2 - 109*h - 61. What is u(-54)?
-7
Let y(n) = 964*n - 21167. What is y(22)?
41
Let t(j) = -1239*j - 8762. Give t(-7).
-89
Let y(b) = -b**2 + 13*b + 93. Give y(-10).
-137
Let b(x) = -2*x**2 - 19*x - 96. Calculate b(-13).
-187
Let r(x) = -x**3 + 16*x**2 - 23*x + 66. Determine r(15).
-54
Let n(q) = 3*q**2 + 30*q + 106. Calculate n(-6).
34
Let m(j) = -j**3 + 9*j**2 + 6*j + 44. Determine m(9).
98
Let x(r) = 33*r**2 + 9*r - 22. What is x(2)?
128
Let f(q) = -q**3 - 3*q**2 + 8*q + 6. Calculate f(-5).
16
Let j(o) = o**2 + 21*o - 72. Give j(5).
58
Let m(x) = 11*x**2 - 597*x + 7597. Determine m(34).
15
Let w(t) = -664*t + 13276. Calculate w(20).
-4
Let s(m) = -2*m**2 + 3*m - 18. Calculate s(-5).
-83
Let l(q) = 23*q - 277. Calculate l(11).
-24
Let a(i) = -2*i**3 - 46*i**2 + 54*i + 151. Give a(-24).
7
Let d(r) = r**2 + 76*r - 168. Determine d(-79).
69
Let a(f) = -10*f**2 + 25*f + 4. Give a(2).
14
Let o(a) = 2*a**3 - 17*a**2 + 9*a - 74. Determine o(7).
-158
Let p(v) = -v**3 + 94*v**2 + 205*v - 1254. Give p(96).
-6
Let b(n) = -173*n + 2969. Calculate b(17).
28
Let v(y) = -30*y - 28. What is v(6)?
-208
Let l(v) = -2*v**3 + v**2 - 3*v - 5. Give l(0).
-5
Let v(a) = 58*a**2 - 19*a - 67. Determine v(-3).
512
Let w(q) = -2*q**2 + 94*q + 206. Calculate w(48).
110
Let f(p) = 178*p + 6934. What is f(-39)?
-8
Let j(i) = -i**3 - 15*i**2 + 79*i + 381. Give j(-18).
-69
Let o(q) = q**3 + 19*q**2 - 96*q + 84. Give o(-23).
176
Let l(x) = 2*x**3 - 99*x**2 - 140*x + 80. Determine l(51).
743
Let j(w) = 10*w**2 + 28*w - 168. Give j(-5).
-58
Let q(a) = -45*a - 999. Calculate q(-22).
-9
Let g(k) = -k**3 - 97*k**2 - 288*k - 565. Calculate g(-94).
-1
Let o(y) = y**2 - 397*y - 1197. Calculate o(-3).
3
Let g(r) = r**2 - 16*r + 78. What is g(17)?
95
Let j(r) = 57*r + 1585. Calculate j(-27).
46
Let n(q) = q**3 + 6*q**2 - 24*q - 110. Give n(-3).
-11
Let g(f) = 155*f + 359. Give g(-3).
-106
Let a(k) = 16*k**2 + 248*k - 134. Calculate a(-16).
-6
Let m(s) = s**3 - 4*s**2 + 2*s + 3. What is m(3)?
0
Let n(j) = 2*j**3 - 189*j**2 - 1862*j - 11. Determine n(-9).
-20
Let l(v) = v**3 + 14*v**2 + 6*v - 181. Give l(-14).
-265
Let x(s) = -9*s**2 - 15*s + 30. Determine x(2).
-36
Let s(l) = -3*l**2 + 73*l - 295. Calculate s(19).
9
Let v(o) = -662*o - 11914. What is v(-18)?
2
Let g(k) = -115*k - 462. Calculate g(-3).
-117
Let m(w) = -w**2 - 5*w + 85. Calculate m(-20).
-215
Let g(t) = -t**3 + 48*t**2 + 5*t - 142. Determine g(48).
98
Let f(a) = 40*a + 173. What is f(-10)?
-227
Let d(h) = 2*h**2 + h - 187. Give d(13).
164
Let n(s) = -71*s + 1570. Determine n(23).
-63
Let w(c) = 220*c + 382. Determine w(-3).
-278
Let u(j) = -45*j + 8. Determine u(-1).
53
Let t(q) = 2*q - 15. What is t(-41)?
-97
Let x(n) = -2*n**3 - 19*n**2 + 21*n - 16. Determine x(-11).
116
Let t(y) = y**3 - 18*y**2 - 253*y + 255. What is t(27)?
-15
Let b(l) = 11*l - 29. Calculate b(-27).
-326
Let j(l) = -12*l - 64. Calculate j(6).
-136
Let i(v) = v**3 + 38*v**2 + 54*v + 628. Determine i(-37).
-1
Let w(t) = -2*t + 36. Calculate w(21).
-6
Let f(u) = -u**3 - 75*u**2 - 410*u + 223. Calculate f(-69).
-53
Let i(a) = -150*a + 856. Give i(8).
-344
Let u(h) = -h**3 - 248*h**2 + 1521*h + 4. What is u(6)?
-14
Let n(j) = -j**3 - 14*j**2 - 19*j - 36. Give n(-7).
-246
Let d(a) = 3*a**2 + 105*a + 136. Calculate d(-36).
244
Let l(m) = m**2 + 24*m - 841. What is l(19)?
-24
Let h(r) = -131*r**3 + 4*r**2 - 10*r + 3. Calculate h(2).
-1049
Let d(q) = q**2 - 600*q - 14. What is d(0)?
-14
Let m(i) = 142*i + 527. Determine m(-3).
101
Let v(k) = 35*k**2 + 5*k - 15. Determine v(-5).
835
Let x(n) = 14*n**2 - 88*n + 170. Give x(2).
50
Let o(b) = -939*b + 24422. What is o(26)?
8
Let o(j) = -20*j - 1248. Determine o(-63).
12
Let d(j) = -33*j - 689. Calculate d(-21).
4
Let p(j) = 23*j**2 + 301*j - 37. What is p(-14)?
257
Let u(b) = 2656*b + 18592. What is u(-7)?
0
Let w(m) = -m**3 - 63*m**2 - 3*m - 193. Determine w(-63).
-4
Let k(w) = -22*w - 75. Calculate k(-6).
57
Let b(r) = r**3 - 13*r**2 - 2*r + 9. Determine b(13).
-17
Let m(u) = 2*u**3 + 19*u**2 + 17*u - 43. Determine m(-8).
13
Let g(l) = 5*l**2 + 27*l + 134. Give g(-5).
124
Let n(k) = k**3 - 24*k**2 + 42*k + 997. Determine n(19).
-10
Let b(w) = -w**3 - 17*w**2 - 61*w + 72. What is b(-9)?
-27
Let o(m) = -115*m + 678. Determine o(6).
-12
Let l(b) = b**3 + 21*b**2 + b + 196. What is l(-22)?
-310
Let j(k) = 50*k**3 + 13*k**2 - 26*k + 11. Calculate j(2).
411
Let v(x) = -255*x + 212. Calculate v(1).
-43
Let l(i) = i**2 - 155*i - 648. Determine l(-4).
-12
Let t(c) = c**3 - c**2 - 17*c + 9. Determine t(0).
9
Let f(d) = -d**3 + 8*d**2 + 8*d + 10. Determine f(9).
1
Let s(g) = -g**2 - 11*g - 60. What is s(0)?
-60
Let r(j) = 212*j - 1737. Determine r(8).
-41
Let m(s) = 5*s**2 + 9*s + 22. Calculate m(-8).
270
Let n(u) = u**3 - 51*u - 19. Give n(-7).
-5
Let a(o) = 5*o**2 - 38*o - 19. Give a(8).
-3
Let r(v) = -v**3 + 24*v**2 + v - 44. What is r(0)?
-44
Let f(v) = -v**3 - v**2 + v - 49. Give f(0).
-49
Let t(k) = -2*k**2 + 138*k - 629. Give t(64).
11
Let s(k) = 159*k + 132. Determine s(-2).
-186
Let u(i) = -100*i + 3519. Determine u(35).
19
Let m(a) = -2*a**3 + 184*a**2 - 2664*a - 39. Calculate m(18).
-39
Let c(r) = -r**2 - 479*r - 13049. Calculate c(-29).
1
Let v(w) = w**3 - 27*w**2 - 7*w + 37. Calculate v(27).
-152
Let w(o) = 14*o**2 + 258*o - 171. What is w(-19)?
-19
Let p(m) = m**3 + 32*m**2 + 20*m - 549. What is p(-31)?
-208
Let m(j) = -32*j - 630. Determine m(-11).
-278
Let c(z) = -2785*z - 33411. Calculate c(-12).
9
Let j(n) = -n**3 + 3*n**2 - 237*n + 1237. Determine j(5).
2
Let j(o) = o**3 - 13*o**2 + 8*o + 122. What is j(11)?
-32
Let v(f) = f**2 - 6*f - 162. Determine v(19).
85
Let n(i) = 197*i + 188. Calculate n(-1).
-9
Let r(k) = -175*k - 10490. What is r(-60)?
10
Let g(f) = 584*f - 1772. Calculate g(3).
-20
Let l(d) = d**3 + 5*d**2 - 5*d - 36. Determine l(-3).
-3
Let d(x) = -2*x**2 + 360*x - 11202. What is d(140)?
-2
Let z(q) = 683*q - 12277. Calculate z(18).
17
Let j(s) = 4*s**3 + 12*s**2 - 48*s - 13. Determine j(5).
547
Let k(w) = -w**2 + 51*w - 540.